-22*f = -17*f - 630. What are the prime factors of f?
2, 3, 7
Suppose -i + 2*i = 32. What are the prime factors of i?
2
Let u(q) = -q**3 + 6*q**2 - 5*q. Let j be u(5). Suppose j*l + l + 4 = 0. What are the prime factors of 2*(2 + l)/(-2)?
2
Suppose 0 = 6*g - 4*g - 6. Suppose 5*t = 3*v + 2*t, 3*v + g*t - 24 = 0. Let y = 4 + v. What are the prime factors of y?
2
Suppose -5*t - 1 = -4*g - 0*g, 6 = -2*t + 3*g. Suppose d - 4*m - 24 = 0, 0 = -d - t*d - m + 62. Suppose 2*u + 4 = d. What are the prime factors of u?
2, 3
What are the prime factors of (70/(-25))/7*-125?
2, 5
Suppose -2*q = 5*h, 29 = 2*h - 0*q - 5*q. Suppose 2 - 10 = -5*n + h*x, -5*x = -2*n - 1. Suppose -8 - n = -2*a. What are the prime factors of a?
5
Let c(z) = -z**2 - 4*z + 6. Let j be c(-6). Let t be (-8)/j + 2/(-6). Let g(u) = 5*u**2 + u - 1. List the prime factors of g(t).
5
Let d = 83 + 75. What are the prime factors of d?
2, 79
Suppose -10*m + 13*m - 456 = 0. What are the prime factors of m?
2, 19
What are the prime factors of (376/12)/((-4)/(-6))?
47
Let f(h) = 3*h**2 + 16*h - 2. What are the prime factors of f(-7)?
3, 11
Suppose q - 101 = -2*p, 32 = p + 5*q - 14. List the prime factors of p.
3, 17
Let r(d) = -d - 1. Let q be r(-3). Let m be (-4)/3*18/(-4). Suppose -4*k + m = u - 18, 12 = q*u - k. What are the prime factors of u?
2
Let i(k) = 2 - 4 + 1 + 10*k. Suppose 7 = 3*z - y - 0*y, -2*z = -4*y - 18. List the prime factors of i(z).
3
Let l(d) be the first derivative of d**5/60 - d**3/6 - d**2 - 3. Let v(u) be the second derivative of l(u). List the prime factors of v(-3).
2
Let j be 6 + (-6)/2 - 0. Suppose j*n = -n + 36. List the prime factors of n.
3
List the prime factors of 0/(-2) + (15 - -6).
3, 7
Let m be -1 + 6/(-3) + 4. Let z(n) = 13*n**2. List the prime factors of z(m).
13
Let b(t) = -t + 8. List the prime factors of b(-5).
13
Let p be ((2 - -4) + -1)/(-1). Let j be (3/(-1))/(3/p). What are the prime factors of 4 + 5/(j/2)?
2, 3
Suppose -3*r - 5*u + 1 = 4, 0 = -4*r - 5*u + 1. Let q be (-3 + r)/((-2)/(-10)). Suppose 3*o - 3*w = -4*w + 16, q*w = -25. List the prime factors of o.
7
Let b(r) = 3*r - 16. List the prime factors of b(12).
2, 5
Let s(d) = -d + 1. Let h be s(4). Let v(g) = -4*g - 4. Let o be v(h). What are the prime factors of 23/5 - o/(-20)?
5
Let w(t) = 11*t**2 + 5*t + 5. What are the prime factors of w(-2)?
3, 13
Let y(t) = t**3 - t**2 - t + 4. Let x be (0/1)/(-4 + 3). List the prime factors of y(x).
2
Suppose -3*s = 4*i - 47, s + 3*i - 42 = -2*s. List the prime factors of s.
3
Let r = 396 - 159. List the prime factors of r.
3, 79
Suppose -k + 14 = -3*c + 5*c, -6 = -c - k. Let s = c + -6. What are the prime factors of s?
2
Let c be 38/(-10) + (-7)/35. List the prime factors of (-39)/c + (-1)/(-4).
2, 5
Suppose -106 - 190 = -2*n. What are the prime factors of n?
2, 37
Let l(y) be the second derivative of 3/2*y**2 - 1/3*y**3 - 1/20*y**5 + 0 - y + 5/12*y**4. List the prime factors of l(4).
11
Let r(x) = 5*x - 1. Suppose -3*h + 106 = -4*s, h - 162 = -4*h + 3*s. Let i be 1/(-3 + h/9). List the prime factors of r(i).
2, 7
Suppose -75*s + 303 = -72*s. What are the prime factors of s?
101
Suppose n + 147 = 2*m, m + n - 75 = -0*n. List the prime factors of m.
2, 37
What are the prime factors of (-4158)/(-36)*(0 + 1 - -1)?
3, 7, 11
Let t = 3 + -4. Let d = 18 + t. Let u = d + -8. List the prime factors of u.
3
Let m(g) = g**3 - 5*g**2 - 3*g + 3 + 12*g**2 - 10*g**2 + 4*g. What are the prime factors of m(3)?
2, 3
Suppose -2*f = -4*t - 98, 5*f = f + 3*t + 181. What are the prime factors of f?
43
What are the prime factors of (154/4)/((-16)/(-32))?
7, 11
Suppose 0 = -2*u - 12 - 6. Let l = u + 15. What are the prime factors of l?
2, 3
Suppose -2*c + 0 - 4 = 0. What are the prime factors of (c - 0)/(6/(-69))?
23
Let x be ((-8)/12)/((-3)/9). Suppose -3*k + 6 = -4*b - 25, 4*k + x*b - 34 = 0. List the prime factors of k.
3
Let s(v) be the third derivative of -3*v**6/40 - v**4/24 - v**2. Let l = -1 + 0. List the prime factors of s(l).
2, 5
Let g be 18 + -1 + 1 - 1. Suppose 36 = 2*o + 3*x, 4*o - 2*x = -g + 57. What are the prime factors of o?
2, 3
Let z = -17 - -33. Suppose 3*n - 5*i + z = 0, 5*n - 1 = 3*n + i. List the prime factors of n.
3
Suppose 6*l - 467 = 67. What are the prime factors of l?
89
Suppose 3*f = 1 - 13. Let d(l) = -4*l + 5. What are the prime factors of d(f)?
3, 7
Let f(c) = c**2 + 1. Let l be (4 - (0 - -2)) + -1. Let g be (-8)/(-6) - l/3. List the prime factors of f(g).
2
Let p(v) = v**2 - 11*v + 6. List the prime factors of p(-7).
2, 3, 11
Suppose -224 + 21 = -5*s - 3*a, -160 = -4*s - 3*a. What are the prime factors of s?
43
Let s be 2 - (9/(-3) + -1). Suppose 0 = x - s*x + 85. List the prime factors of x.
17
Suppose 0 = -4*f - 20, 2*f = v + 3*v + 2. Let p(b) = -5*b - 4. List the prime factors of p(v).
11
Let n(m) = 2*m**2 + 2*m. Let v be n(-3). What are the prime factors of (15/v)/((-3)/(-24))?
2, 5
Suppose 3*l + 4 = 16. Suppose l*d - 255 = -4*g - 63, -5*d - 4*g + 242 = 0. List the prime factors of d.
2, 5
What are the prime factors of (7 + -4)*(-129)/(-9)?
43
Suppose 0 = -q - 0*q + 3. Suppose -4*w + q = -3*u + 7, -4*w + 12 = -u. List the prime factors of u.
2
Let f be 4/((-4)/(-3)) + 0. Suppose -q - 3 = f. Let k = -4 - q. List the prime factors of k.
2
Suppose -20 = -3*k - 2*g, -2*g = 5*k - 0*k - 28. Suppose -k*h - 3*x + 2 = -2, -2*h = x - 4. Suppose 13 = 3*i + h. What are the prime factors of i?
3
What are the prime factors of (-7 - -7) + (0 - -2 - -46)?
2, 3
Let k(n) = -30*n + 32. What are the prime factors of k(-6)?
2, 53
Let m be -8*(-3)/18*3. Suppose l - m = 16. List the prime factors of l.
2, 5
Suppose 0 = 2*k - 7*k - 10. What are the prime factors of (-43)/k - (-1)/(-2)?
3, 7
Let o = -12 - -5. Suppose -c + 75 = -5*d - 6*c, -3*d = 4*c + 43. Let s = o - d. List the prime factors of s.
2, 5
Suppose -19 = -2*z + 3*s, -4*z + 15 = -5*s - 24. Let n(u) = -u + u - u + z. What are the prime factors of n(5)?
2, 3
Suppose 35 = -d + 6*d. What are the prime factors of (-2)/7 - (-170)/d?
2, 3
Let v be 40/(-15)*(-9)/4. List the prime factors of v/(((-6)/3)/(-1)).
3
Let p(b) = 3*b - b - b - 7*b + 3. List the prime factors of p(-3).
3, 7
Suppose -5*f + 157 = -4*f - 4*z, -489 = -3*f + 3*z. List the prime factors of f.
3, 5, 11
Suppose -132 = 2*c - 5*c. List the prime factors of c.
2, 11
List the prime factors of 0 + -3*(1 + -9).
2, 3
Suppose 0 = y - 2*y + 14. What are the prime factors of y?
2, 7
Let x(w) = -2*w**3 + 10*w**2 - 5*w - 2. Let v be x(4). Suppose -6*u + u = 0. List the prime factors of 7/(7/v) + u.
2, 5
Let s = -10 - -14. Suppose -4*b - s*l + 38 = -l, l = -4*b + 42. Suppose -26 + b = -f. What are the prime factors of f?
3, 5
Let l be 199/4 + 6/(-8). Suppose 5*x - l = 6. List the prime factors of x.
11
Let w = -2 - -70. Suppose -11 = 3*b - w. What are the prime factors of b?
19
Suppose -3*t - 2 = 5*a + 4, -4*a + 2 = -t. Suppose -4*l + 48 = -a. What are the prime factors of l?
2, 3
Let o = 22 + 74. Let v = o - 64. Let p = v + -20. What are the prime factors of p?
2, 3
Suppose q = -2*q + 6. Suppose 10 - 54 = 4*r + q*u, 11 = -r + 2*u. List the prime factors of -2 + 1 - r/1.
2, 5
Let o(p) = p + 3. Let s(v) = -3*v - 9. Let r(y) = -8*o(y) - 3*s(y). Let z(m) = m**3 - 6*m**2 + 10*m - 3. Let q be z(3). List the prime factors of r(q).
3
Suppose 4*h - 2*h = 30. What are the prime factors of h?
3, 5
Let j(z) = -z**2 + z + 1. Let h be j(2). What are the prime factors of -12*(h - (0 + 0))?
2, 3
Suppose -9*c + 8 = -11*c. Let m = 10 + c. What are the prime factors of m?
2, 3
Let o be (-2 - (-8 - -2))*3. Let h be (-4 + 1)/(o/(-8)). Suppose h*n - 19 = -3. What are the prime factors of n?
2
Suppose 4*l = -l + 3*y + 157, -1 = -y. Suppose -l - 19 = -3*o. List the prime factors of o.
17
Let j = 30 - 2. List the prime factors of j.
2, 7
Let w = 0 - 3. Let z be 27/w*(1 + 0). List the prime factors of (1 - -8)*(-15)/z.
3, 5
Suppose 18 = p - 0*p. What are the prime factors of p?
2, 3
Let y(n) = n**3 - n**2 + n + 140. List the prime factors of y(0).
2, 5, 7
Suppose 2*v + t = 222, -t = -4*v + 292 + 158. List the prime factors of v.
2, 7
Suppose -w + 3 + 4 = -5*o, 0 = -3*w - 4*o + 2. Suppose -w*q - 18 = -68. List the prime factors of q.
5
Let r(v) = 8*v**2 - 5*v + 4. Let k be r(2